3*y - j*b, -b + 5*b + 36 = -4*y. What is the units digit of s(y)?
3
Let a = 7 - 1. What is the units digit of (-38)/(-14) - a/(-21)?
3
Suppose 0*w + 3*w = m - 35, -5*m = -4*w - 65. Let q be (-48)/(-15)*(0 - w). Suppose -r + q = r. What is the units digit of r?
6
Let k(s) = -s**2 + 67. What is the tens digit of k(0)?
6
Let g(z) = -z + 2. Let l be (-6)/(-9) + 17/(-3). Let s be g(l). Suppose -29 = -4*i + r, s + 36 = 5*i + r. What is the units digit of i?
8
Suppose 0*c + c - 2 = 0. Let m = 34 - 19. Let d = m + c. What is the tens digit of d?
1
Suppose 2*l + 4 = -36. Let r = l + 11. Let m = -7 - r. What is the units digit of m?
2
Let y(c) = -2*c - c + 4*c + 15 + c. What is the tens digit of y(0)?
1
Let o = 242 + -148. What is the units digit of o?
4
Let x = 89 + -128. Let i = 69 + x. What is the tens digit of i?
3
Let l(f) be the second derivative of 9*f**3/2 - 3*f. What is the tens digit of l(1)?
2
Let v = 17 + -12. Suppose -2*g = -5*c + 141, -c + v*g = -2*c + 12. What is the tens digit of c?
2
What is the tens digit of (1 - 6) + 4 + 12?
1
Let v be (-2)/(-2) - (6 + -3). What is the units digit of (-72)/16*v/3?
3
Let l(s) = s + 8. Let b be l(-6). Let v = b + 7. What is the units digit of v?
9
Let f be 3/(-3)*(-6)/(-3). Let v be (-15)/f*(-4)/(-5). Suppose -4*d - 8 = -v*d. What is the units digit of d?
4
What is the units digit of (0 - 12/(-28))/(4/28)?
3
What is the tens digit of 145 + 1/((-2)/6)?
4
Let v(u) be the third derivative of -5*u**4/24 - u**3/6 - 2*u**2. What is the units digit of v(-1)?
4
Suppose 5*b - 2*b - 108 = 0. What is the tens digit of b?
3
Let z be 0/(-2) - -2 - -2. Suppose -z*s + 12 = -4. Suppose -v + s = 3*f - 26, 2*f - 2*v = 20. What is the units digit of f?
0
Let j = 4 - 4. Suppose 2*b = 4 - j. What is the units digit of b?
2
Let a(g) = -g**2 + 4*g - 1. Let z be a(2). Let b = 3 - z. Suppose 21 = 3*o - 3*n, -o = 3*n - b*n + 13. What is the units digit of o?
2
Suppose 0*v - 5*v = -2*d - 31, 13 = 2*v - d. Suppose 5 = -5*n, -g = -0*g + v*n - 13. What is the units digit of g?
8
Let w = 90 - -68. What is the hundreds digit of w?
1
Let j(g) = 2*g**2 - 3*g + 3. What is the units digit of j(2)?
5
Let l(z) = z**2 + 2*z - 3. What is the units digit of l(4)?
1
Let w(n) = -2*n**2 + 3*n - 1. Let h be w(3). What is the units digit of ((-38)/h)/(8/40)?
9
Let v(i) = i**2 - i. Let a be v(2). Let r(y) = a + y - 2 - 2. What is the units digit of r(7)?
5
Suppose i = b + 50, -4*b - 52 = -2*i + 48. What is the tens digit of i?
5
Let l be -2 + 0 + 27/3. Suppose -4*p + 2*n + 14 = 0, -2*p + 3*n + 4 = l. What is the units digit of p?
6
Suppose -i - 3*w + 3 = -26, 4*i = -3*w + 125. Suppose 3*g - 10 = i. Let x = -7 + g. What is the units digit of x?
7
What is the tens digit of (-12)/3 - (-40 - 0)?
3
Suppose 0 = -2*s + 3*s + 3*n + 1, -14 = -4*s - 3*n. Suppose -s*v = -q - 17 - 54, -v = -2*q - 7. Let c = -7 + v. What is the units digit of c?
8
Let p be 80/15 + 2/3. Suppose u - 5*j - p = 0, -1 = 2*j - 7. Suppose -2*f - u = -4*r + 3, -2*r - 4*f = -22. What is the units digit of r?
7
Suppose 3*z - 120 = 3*j, -2*z - 3*j + 13 = -92. What is the tens digit of z?
4
Let b(o) = 0*o**3 - 8 - 8*o + o**3 - 7*o**2 - 2*o**3. What is the units digit of b(-6)?
4
Suppose -g + 19 = -3*f, g + 3*f = -g + 38. Let r = g + -13. What is the units digit of r?
6
Let h(u) = -3*u - 12. Let a be h(-10). Suppose 2*w - w = a. What is the tens digit of w?
1
Suppose 5*k - 10 = 0, 0 = 5*c + 2*k - k - 7. Let h(y) = 11*y. What is the tens digit of h(c)?
1
Suppose 2*b = -10, 2*b = 4*h - 0*h - 690. What is the tens digit of h?
7
Let c(f) = -7*f**3 - 2*f**2 - 5*f - 3. Let q(b) = 15*b**3 + 3*b**2 + 10*b + 7. Let n(g) = -13*c(g) - 6*q(g). What is the tens digit of n(-6)?
3
Let b be 1/(-2) + (-38)/(-4). Let x be (-2)/(2 + (-24)/b). Suppose x*t + 7 = -0*p + 2*p, 3*p - 1 = -5*t. What is the units digit of p?
2
Suppose 0 = -2*i + 2 + 8. Suppose x = i*x. Suppose l + x*l = 8. What is the units digit of l?
8
Suppose 0 = -a + 2*a - 2. Suppose -a*x - 18 = -3*x. What is the units digit of x?
8
What is the hundreds digit of ((-1)/(-3))/(13/(-39)) + 155?
1
Let u(m) = -1 - m**3 - 12*m + 10 - 11*m**2 + 1. What is the units digit of u(-10)?
0
Let s be 2/2*0 - 15. Suppose -2*z = 14 - 6. Let n = z - s. What is the units digit of n?
1
Suppose 5*o + 17 = 4*b, -4*b - 2*o - 3*o + 47 = 0. Let l = b + -7. What is the units digit of l?
1
Suppose -w - 2*a - a + 10 = 0, -2*a + 1 = -5*w. What is the units digit of 4 + (w + -2)*1?
3
Suppose -12*f = -9*f - 201. Suppose -p - 3*p = -8, 5*g + p = f. What is the units digit of g?
3
Let f = 22 - -2. Let x = f + -9. What is the units digit of x?
5
Suppose -3*t = 4*n - 36, 0*n + 3*n = -3*t + 33. Let h be (-3 + 7)*6/t. Suppose -4*r + 1 = -h*r. What is the units digit of r?
1
Let z be (1 - (-4)/(-1)) + 27. Suppose z - 89 = -5*g. What is the units digit of g?
3
Let y = -73 + 149. Suppose -m = 3*m - y. What is the tens digit of m?
1
Let r(z) = -z**2 + 5*z - 4. Suppose -8 = -3*k + 1. Let v be r(k). What is the units digit of (0 - (-33)/3) + v?
3
Suppose 2 = -a + 28. Suppose -2*k = -0*k + a. Let t = k + 19. What is the units digit of t?
6
Let b be 36/30*(-165)/(-6). Suppose -2*s = -3*j + 6, -j + 0*s - 4*s = -2. Suppose -8 + 2 = -j*u + 2*n, -3*u = 3*n - b. What is the units digit of u?
7
Let x be (-6)/(-2) - -9*7. Let l = -29 + x. What is the units digit of l?
7
What is the tens digit of ((-540)/105)/((-1)/7)?
3
Suppose -10 = -8*z + 126. What is the tens digit of z?
1
Let t = 22 + 14. What is the tens digit of t?
3
Let n be 2*4*(-3)/(-6). Suppose -a = -3*a - n. What is the units digit of (-3)/(-3)*(a + 6)?
4
Suppose 0 = -4*s - 2 + 18. Suppose -s*a + 59 + 25 = 0. Let n = a + -12. What is the units digit of n?
9
Suppose 5*k - 61 = 314. What is the units digit of k?
5
Suppose -3*q + 15*q = 444. What is the tens digit of q?
3
Suppose 8 = -4*p + 4*r, -r - 2 - 2 = 0. Let i(j) = -6*j**2 - 11*j + 7. Let s(m) = m**2 + m - 1. Let l(t) = i(t) + 5*s(t). What is the units digit of l(p)?
2
Let f(i) = -i**3 + 6*i**2 - 11. What is the units digit of f(4)?
1
Suppose 15 = 5*y, -2*u + 3*y - 18 = -3*u. Suppose u = 3*o - 0. What is the units digit of ((-3)/2)/(o/(-10))?
5
Suppose 0*x + 485 = 5*x. Suppose 5*d - 4*t + x = 0, 5*d - t = d - 71. Let g = d - -25. What is the units digit of g?
8
Let m = 168 + -59. What is the units digit of m?
9
Suppose 27 - 9 = -3*t. Let k(h) = -2*h - 6. Let l be k(t). Suppose 3*p - 21 = -l. What is the units digit of p?
5
What is the tens digit of ((-105)/(-9) - 2)*3?
2
Suppose n - 5 = 0, -5*k = -0*k + 4*n - 50. Let g(z) = z**3 - 6*z**2 + 3*z - 7. What is the units digit of g(k)?
1
Let r be ((-44)/33)/((-2)/(-6)). What is the units digit of (-54)/(-7) + r/(-14)?
8
Let q(a) = a. Let m be q(-5). Let c be 3/m - 6/(-10). What is the units digit of 5 - (-1 - -2 - c)?
4
Let s(j) = -j**2. Let q be s(0). Suppose q = -4*g + 108 + 4. What is the tens digit of g?
2
Suppose 0 = -y + 4*y - 9. Suppose 0 = -m - y*m + 52. What is the tens digit of m?
1
Suppose 4 = -5*g + g. What is the units digit of -2 + g + 5 - -2?
4
What is the units digit of 608/28 + 6/21?
2
Let o = -4 + 6. Suppose o*p + 0*p = 18. What is the units digit of p?
9
Let t = -51 + 192. What is the tens digit of t?
4
Let g be (-4)/5*135/6. Let x = 22 + g. What is the units digit of x?
4
Suppose 185 - 5 = 5*u. What is the units digit of u?
6
Suppose 0 = 3*b - 4*c + 14, 0 = 5*b - 5*c + 13 + 2. Suppose -2*x = b*x - 8. Suppose -x*m + 1 = -33. What is the units digit of m?
7
Let f(x) be the first derivative of x**2 + x + 1. Let c be f(1). Suppose -32 - c = -5*g. What is the units digit of g?
7
Suppose -v - 3 = -0*v. What is the units digit of 6/(-3 + 0) - v?
1
Let v(b) = 0 + 1 + 1 + 3*b. Let j(k) = -k**2 + 6*k + 9. Let q be j(7). What is the units digit of v(q)?
8
Let l(t) = 9*t**3 + 2*t**2 + 2*t + 1. Let d be l(-1). Let p be (-1 - 0)*(d + 3). Let k = 8 - p. What is the units digit of k?
3
Suppose -8 = -4*l - 0*l. Suppose 0 = -k - l*u - 6, -u = 2*k - 2*u - 13. Suppose x - 3*x - f + 8 = 0, 28 = k*x + 5*f. What is the units digit of x?
2
Let l(w) = 13*w + 7. What is the units digit of l(4)?
9
Suppose -i - 8 = -4, -4*t + 3*i + 8 = 0. Let x = t - -5. Suppose x*m = 4*k - 12, -m - 13 = -4*k + 2. What is the units digit of m?
1
Let s = 123 